 to base 11
-a92
What is -101100010 (base 2) in base 12?
-256
What is -552344 (base 6) in base 9?
-70001
What is 1a7 (base 13) in base 15?
156
What is -2e5 (base 16) in base 8?
-1345
-23674 (base 8) to base 3
-111221202
What is -ea3 (base 15) in base 10?
-3303
Convert -2463 (base 11) to base 2.
-110010001111
Convert 1034 (base 10) to base 5.
13114
211312 (base 5) to base 12
4122
What is -560b (base 13) in base 6?
-131334
What is 110111101 (base 2) in base 9?
544
What is 681 (base 12) in base 11?
7a4
What is 11ccc (base 14) in base 9?
65836
352 (base 15) to base 11
624
222 (base 13) to base 9
446
Convert -1055 (base 8) to base 4.
-20231
Convert -17153 (base 8) to base 3.
-101200102
-21002 (base 4) to base 13
-356
What is -1050 (base 6) in base 8?
-366
Convert 1c39 (base 15) to base 5.
144004
What is -333113 (base 5) in base 4?
-2312022
Convert -2157 (base 8) to base 7.
-3211
What is -2120200020 (base 3) in base 6?
-1031053
Convert -15a (base 15) to base 5.
-2220
Convert ab95 (base 14) to base 6.
345343
702 (base 13) to base 4
102201
11523 (base 11) to base 12
9736
-5ed6 (base 15) to base 2
-100111100000010
-21131 (base 6) to base 16
-b2f
What is 2452 (base 7) in base 6?
4131
Convert -8478 (base 9) to base 16.
-1853
What is 1021100 (base 3) in base 12?
653
724 (base 9) to base 3
210211
What is 1110001110111 (base 2) in base 14?
2927
What is 141243 (base 5) in base 8?
13277
11204 (base 5) to base 12
570
Convert -301 (base 10) to base 16.
-12d
What is 11301201 (base 4) in base 8?
56141
Convert 134 (base 14) to base 9.
288
Convert 17 (base 8) to base 12.
13
Convert 103 (base 7) to base 16.
34
What is 44a (base 13) in base 10?
738
-1112130 (base 4) to base 10
-5532
Convert 12917 (base 12) to base 13.
b7c1
-113013 (base 4) to base 11
-1125
Convert 1e8c (base 15) to base 13.
3051
-169 (base 15) to base 13
-1bc
Convert 23413 (base 6) to base 4.
311001
What is 5d4c (base 14) in base 15?
4c91
What is -1020221 (base 3) in base 14?
-496
Convert -3110023 (base 4) to base 14.
-4d3d
What is 598 (base 12) in base 6?
3512
What is 197a (base 12) in base 2?
110000101110
Convert -236b (base 12) to base 4.
-332003
What is 893 (base 12) in base 9?
1653
3064 (base 7) to base 12
757
549a (base 15) to base 7
103150
What is -813a (base 13) in base 14?
-66b0
Convert -3330 (base 6) to base 16.
-306
Convert -130512 (base 6) to base 8.
-27114
What is 59 (base 13) in base 15?
4e
Convert 1264 (base 7) to base 3.
200001
Convert 233232 (base 4) to base 2.
101111101110
Convert -1f1 (base 16) to base 3.
-200102
Convert -61b8 (base 12) to base 16.
-299c
What is -21354 (base 6) in base 11?
-2242
What is -110 (base 7) in base 12?
-48
Convert 121 (base 16) to base 10.
289
What is e99 (base 15) in base 5?
101134
Convert -1d0b (base 14) to base 6.
-40315
Convert 6042 (base 7) to base 11.
1629
Convert -32532 (base 8) to base 6.
-143122
Convert 24864 (base 12) to base 10.
49612
-15970 (base 10) to base 3
-210220111
Convert 4066 (base 7) to base 15.
64a
-342 (base 16) to base 5
-11314
What is 2292 (base 11) in base 15?
d55
-578 (base 10) to base 7
-1454
What is -100001000010 (base 2) in base 13?
-c68
201033 (base 5) to base 11
4892
Convert -601 (base 13) to base 10.
-1015
Convert -19119 (base 11) to base 12.
-135a1
What is -121010220 (base 3) in base 4?
-2313321
Convert -ec06 (base 16) to base 9.
-101785
Convert -126a6 (base 11) to base 13.
-834a
-430 (base 11) to base 7
-1336
449 (base 13) to base 5
10422
Convert 13413 (base 6) to base 3.
2212200
Convert 56044 (base 7) to base 3.
201100001
-14100 (base 5) to base 6
-5154
Convert -a066 (base 13) to base 2.
-101011000100110
4000 (base 7) to base 16
55c
Convert -973 (base 15) to base 3.
-2221000
What is 1427 (base 12) in base 14?
bcb
What is -1202110011 (base 3) in base 7?
-202564
What is 7b (base 13) in base 7?
204
What is 2cd (base 14) in base 15?
283
Convert 447 (base 13) to base 9.
1006
Convert 204440 (base 6) to base 5.
1012314
Convert -18491 (base 10) to base 4.
-10200323
-1805 (base 12) to base 11
-2193
Convert 202422 (base 5) to base 4.
1213110
Convert 362 (base 7) to base 3.
21002
Convert 11401 (base 5) to base 13.
506
What is 4b6a (base 14) in base 7?
53363
Convert 1cb2 (base 13) to base 5.
114440
Convert 34323 (base 9) to base 7.
123441
What is 5a26 (base 16) in base 14?
85a6
-4936 (base 12) to base 7
-33024
Convert -20201212 (base 3) to base 13.
-2309
Convert 1243121 (base 5) to base 16.
60d2
-7b (base 14) to base 2
-1101101
-e5bf (base 16) to base 5
-3340230
What is -2222101220 (base 3) in base 15?
-12579
What is 14221 (base 5) in base 11?
989
34052 (base 6) to base 2
1001010110000
-505 (base 13) to base 3
-1011111
2485 (base 12) to base 4
1000211
389 (base 10) to base 3
112102
What is -23550 (base 6) in base 4?
-311322
What is 10004034 (base 5) in base 10?
78644
1311210 (base 4) to base 7
30636
What is -573 (base 11) in base 2?
-1010101101
What is -20788 (base 12) in base 6?
-525052
10012 (base 3) to base 11
79
176 (base 9) to base 12
106
-1150 (base 8) to base 3
-211211
-410 (base 10) to base 8
-632
What is -1140 (base 5) in base 11?
-145
Convert -2102220 (base 4) to base 13.
-436b
What is 6d8 (base 16) in base 7?
5052
What is 11000101111 (base 2) in base 5?
22313
What is -210000 (base 3) in base 15?
-27c
Convert -14131 (base 10) to base 16.
-3733
-86 (base 10) to base 13
-68
What is -104352 (base 7) in base 11?
-12884
What is 11104 (base 7) in base 2?
101011101101
What is 114123 (base 5) in base 10?
4288
Convert 679 (base 16) to base 5.
23112
What is 3730 (base 8) in base 2?
11111011000
Convert 1a6 (base 12) to base 16.
10e
Convert 6ee (base 16) to base 14.
90a
Convert 198 (base 10) to base 14.
102
100022211 (base 3) to base 14
2699
2f0 (base 16) to base 2
1011110000
Convert 1025 (base 9) to base 11.
624
What is -12 (base 10) in base 3?
-110
Convert -11671 (base 8) to base 14.
-1ba9
What is 4804 (base 12) in base 4?
1332010
425 (base 6) to base 8
241
Convert -24021 (base 9) to base 8.
-37271
18476 (base 9) to base 11
9674
What is -11101100111 (base 2) in base 15?
-865
Convert -4454 (base 9) to base 15.
-e94
Convert 28dc (base 14) to base 6.
53322
What is -285 (base 16) in base 13?
-3a8
What is c48a (base 14) in base 8?
102052
-2211202 (base 3) to base 14
-a80
What is 144663 (base 8) in base 14?
14b63
552 (base 6) to base 3
21212
What is -4749 (base 15) in base 16?
-3b28
20233 (base 4) to base 14
2bd
Convert -5d16 (base 15) to base 6.
-231433
What is 8126 (base 12) in base 10?
13998
-490b (base 16) to base 12
-a9a3
What is 113232 (base 4) in base 8?
2756
Convert ca (base 16) to base 8.
312
-6910 (base 10) to base 14
-2738
-3a7 (base 15) to base 3
-1010211
-1c26 (base 13) to base 2
-1000010100001
Convert 3a14 (base 14) to base 6.
115134
Convert 1cc (base 13) to base 15.
177
What is -11751 (base 9) in base 7?
-32020
What is ab4 (base 12) in base 6?
11144
What is -325 (base 7) in base 14?
-bc
Convert 21629 (base 10) to base 5.
1143004
Convert 209 (base 14) to base 7.
1112
What is -15335 (base 12) in base 6?
-350105
What is -3096 (base 15) in base 5?
-312031
4166 (base 9) to base 15
d8c
What is -da2 (base 15) in base 9?
-4188
Convert -7027 (base 16) to base 7.
-146464
Convert a541 (base 11) to base 9.
21131
What is -2441 (base 12) in base 16?
-ff1
What is 1874 (base 15) in base 9?
7221
Convert 114267 (base 8) to base 12.
1a75b
-202112110 (base 3) to base 15
-4680
What is -106407 (base 9) in base 14?
-1933c
-26c5 (base 15) to base 9
-12325
What is 1b7a (base 12) in base 10?
3406
Convert 9542 (base 11) to base 4.
3011112
Convert -47755 (base 8) to base 12.
-ba11
Convert -7364 (base 9) to base 16.
-151c
What is -10856 (base 9) in base 11?
-5500
Convert -f43 (base 16) to base 8.
-7503
1 (base 12) to base 7
1
Convert 1145e (base 15) to base 8.
153315
What is 29b (base 13) in base 11?
394
Convert -551231 (base 6) to base 13.
-17a2b
Convert 2102 (base 4) to base 5.
1041
What is 1100111010011111 (base 2) in base 4?
30322133
What is 2102 (base 3) in base 2?
1000001
2132 (base 5) to base 9
354
What is 24073 (base 10) in base 3?
1020000121
What is -37a (base 15) in base 12?
-55a
31221 (base 5) to base 12
1239
-e3c (base 15) to base 16
-c87
Convert 292 (base 11) to base 5.
2333
Convert 111220 (base 4) to base 6.
10224
-10250 (base 8) to